{"id":470,"date":"2020-10-02T09:58:58","date_gmt":"2020-10-02T09:58:58","guid":{"rendered":"http:\/\/www.strak-kiel.de\/?post_type=tribe_events&#038;p=470"},"modified":"2020-10-02T19:04:21","modified_gmt":"2020-10-02T19:04:21","slug":"stammtisch","status":"publish","type":"tribe_events","link":"https:\/\/www.strak-kiel.de\/?tribe_events=stammtisch","title":{"rendered":"Stammtisch"},"content":{"rendered":"<p>Moin,<\/p>\n<p>nachdem wir unseren letzten Stammtisch absagen mussten, wagen wir einen ersten Versuch dieses Jahr.<br \/>\nAm Do. 8.10.20 ab 19 Uhr im SVK-Kiel (Kiellinie 215 in 24106 Kiel) werden wir den &#8220;Erstis&#8221; \u00fcber den Strak berichten und das F\u00f6rderacer-Team wird in lockerer Ruden ebenso \u00fcber das aktuelle geschehen informieren.<\/p>\n<p>Wir Freuen uns auf\u00a0 euch.<\/p>\n<p>Gut Strak w\u00fcnscht der Vorstand.<\/p>\n<a href=\"https:\/\/www.strak-kiel.de\/wp-content\/uploads\/2020\/10\/Strakmitteilung-04-2020.pdf\" class=\"pdfemb-viewer\" style=\"\" data-width=\"max\" data-height=\"max\" data-toolbar=\"bottom\" data-toolbar-fixed=\"off\">Strakmitteilung 04 2020<\/a>\n","protected":false},"excerpt":{"rendered":"<p>Moin, nachdem wir unseren letzten Stammtisch absagen mussten, wagen wir einen ersten Versuch dieses Jahr. Am Do. 8.10.20 ab 19 Uhr im SVK-Kiel (Kiellinie 215 in 24106 Kiel) werden wir den &#8220;Erstis&#8221; \u00fcber den Strak berichten und das F\u00f6rderacer-Team wird in lockerer Ruden ebenso \u00fcber das aktuelle geschehen informieren. Wir [&hellip;]<\/p>\n","protected":false},"author":4,"featured_media":0,"template":"","meta":{"_tribe_events_status":"","_tribe_events_status_reason":"","footnotes":""},"tags":[19,17,18],"tribe_events_cat":[],"class_list":["post-470","tribe_events","type-tribe_events","status-publish","hentry","tag-foerderacer","tag-stammtisch","tag-vortrag"],"_links":{"self":[{"href":"https:\/\/www.strak-kiel.de\/index.php?rest_route=\/wp\/v2\/tribe_events\/470","targetHints":{"allow":["GET"]}}],"collection":[{"href":"https:\/\/www.strak-kiel.de\/index.php?rest_route=\/wp\/v2\/tribe_events"}],"about":[{"href":"https:\/\/www.strak-kiel.de\/index.php?rest_route=\/wp\/v2\/types\/tribe_events"}],"author":[{"embeddable":true,"href":"https:\/\/www.strak-kiel.de\/index.php?rest_route=\/wp\/v2\/users\/4"}],"version-history":[{"count":3,"href":"https:\/\/www.strak-kiel.de\/index.php?rest_route=\/wp\/v2\/tribe_events\/470\/revisions"}],"predecessor-version":[{"id":475,"href":"https:\/\/www.strak-kiel.de\/index.php?rest_route=\/wp\/v2\/tribe_events\/470\/revisions\/475"}],"wp:attachment":[{"href":"https:\/\/www.strak-kiel.de\/index.php?rest_route=%2Fwp%2Fv2%2Fmedia&parent=470"}],"wp:term":[{"taxonomy":"post_tag","embeddable":true,"href":"https:\/\/www.strak-kiel.de\/index.php?rest_route=%2Fwp%2Fv2%2Ftags&post=470"},{"taxonomy":"tribe_events_cat","embeddable":true,"href":"https:\/\/www.strak-kiel.de\/index.php?rest_route=%2Fwp%2Fv2%2Ftribe_events_cat&post=470"}],"curies":[{"name":"wp","href":"https:\/\/api.w.org\/{rel}","templated":true}]}}

<p>Moin,</p>
<p>nachdem wir unseren letzten Stammtisch absagen mussten, wagen wir einen ersten Versuch dieses Jahr.<br />
Am Do. 8.10.20 ab 19 Uhr im SVK-Kiel (Kiellinie 215 in 24106 Kiel) werden wir den &#8220;Erstis&#8221; über den Strak berichten und das Förderacer-Team wird in lockerer Ruden ebenso über das aktuelle geschehen informieren.</p>
<p>Wir Freuen uns auf  euch.</p>
<p>Gut Strak wünscht der Vorstand.</p>
<a href="https://www.strak-kiel.de/wp-content/uploads/2020/10/Strakmitteilung-04-2020.pdf" class="pdfemb-viewer" style="" data-width="max" data-height="max" data-toolbar="bottom" data-toolbar-fixed="off">Strakmitteilung 04 2020</a>

<p>Moin, nachdem wir unseren letzten Stammtisch absagen mussten, wagen wir einen ersten Versuch dieses Jahr. Am Do. 8.10.20 ab 19 Uhr im SVK-Kiel (Kiellinie 215 in 24106 Kiel) werden wir den &#8220;Erstis&#8221; über den Strak berichten und das Förderacer-Team wird in lockerer Ruden ebenso über das aktuelle geschehen informieren. Wir [&hellip;]</p>
